{"id":1533,"date":"2026-03-27T17:17:05","date_gmt":"2026-03-27T17:17:05","guid":{"rendered":"https:\/\/stiren-handball.com\/?page_id=1533"},"modified":"2026-03-28T11:11:19","modified_gmt":"2026-03-28T11:11:19","slug":"horaire-dentrainement","status":"publish","type":"page","link":"https:\/\/stiren-handball.com\/index.php\/horaire-dentrainement\/","title":{"rendered":"Horaire d&#8217;entra\u00eenement"},"content":{"rendered":"\t\t<div data-elementor-type=\"wp-page\" data-elementor-id=\"1533\" class=\"elementor elementor-1533\">\n\t\t\t\t<div class=\"elementor-element elementor-element-f9e6561 e-flex e-con-boxed e-con e-parent\" data-id=\"f9e6561\" data-element_type=\"container\">\n\t\t\t\t\t<div class=\"e-con-inner\">\n\t\t\t\t<div class=\"elementor-element elementor-element-233e85d elementor-widget elementor-widget-spacer\" data-id=\"233e85d\" data-element_type=\"widget\" data-widget_type=\"spacer.default\">\n\t\t\t\t\t\t\t<div class=\"elementor-spacer\">\n\t\t\t<div class=\"elementor-spacer-inner\"><\/div>\n\t\t<\/div>\n\t\t\t\t\t\t<\/div>\n\t\t\t\t<div class=\"elementor-element elementor-element-aaeec97 elementor-widget elementor-widget-text-editor\" data-id=\"aaeec97\" data-element_type=\"widget\" data-widget_type=\"text-editor.default\">\n\t\t\t\t\t\t\t\t\t<section style=\"max-width: 1200px; margin: 60px auto; padding: 0 20px; text-align: center; font-family: -apple-system, BlinkMacSystemFont, 'Segoe UI', Roboto, sans-serif;\"><!-- Texte de vente \u00e9motionnel -->\n<div style=\"margin-bottom: 40px; color: #333; line-height: 1.6; max-width: 800px; margin-left: auto; margin-right: auto;\">\n<h2 style=\"font-size: 2rem; color: rgba(204, 11, 9, 0.9); margin-bottom: 20px; position: relative; display: inline-block;\">Cr\u00e9neaux d&#8217;entra\u00eenement<\/h2>\n<p style=\"font-size: 1.1rem;\">Voici le planning des cr\u00e9neaux d&#8217;entra\u00eenement de toutes les \u00e9quipes de la Stiren Handball.<\/p>\n<\/div>\n<\/section>\t\t\t\t\t\t\t\t<\/div>\n\t\t\t\t<div class=\"elementor-element elementor-element-b901a66 elementor-widget elementor-widget-image\" data-id=\"b901a66\" data-element_type=\"widget\" data-widget_type=\"image.default\">\n\t\t\t\t\t\t\t\t\t\t\t\t\t\t\t<img fetchpriority=\"high\" decoding=\"async\" width=\"724\" height=\"1024\" src=\"https:\/\/stiren-handball.com\/wp-content\/uploads\/2026\/03\/Planning-entrainement-724x1024.png\" class=\"attachment-large size-large wp-image-1375\" alt=\"\" srcset=\"https:\/\/stiren-handball.com\/wp-content\/uploads\/2026\/03\/Planning-entrainement-724x1024.png 724w, https:\/\/stiren-handball.com\/wp-content\/uploads\/2026\/03\/Planning-entrainement-212x300.png 212w, https:\/\/stiren-handball.com\/wp-content\/uploads\/2026\/03\/Planning-entrainement-768x1086.png 768w, https:\/\/stiren-handball.com\/wp-content\/uploads\/2026\/03\/Planning-entrainement-1086x1536.png 1086w, https:\/\/stiren-handball.com\/wp-content\/uploads\/2026\/03\/Planning-entrainement-1448x2048.png 1448w, https:\/\/stiren-handball.com\/wp-content\/uploads\/2026\/03\/Planning-entrainement.png 1587w\" sizes=\"(max-width: 724px) 100vw, 724px\" \/>\t\t\t\t\t\t\t\t\t\t\t\t\t\t\t<\/div>\n\t\t\t\t<div class=\"elementor-element elementor-element-a7ecf9b elementor-widget elementor-widget-spacer\" data-id=\"a7ecf9b\" data-element_type=\"widget\" data-widget_type=\"spacer.default\">\n\t\t\t\t\t\t\t<div class=\"elementor-spacer\">\n\t\t\t<div class=\"elementor-spacer-inner\"><\/div>\n\t\t<\/div>\n\t\t\t\t\t\t<\/div>\n\t\t\t\t\t<\/div>\n\t\t\t\t<\/div>\n\t\t<div class=\"elementor-element elementor-element-73ce5bf e-flex e-con-boxed e-con e-parent\" data-id=\"73ce5bf\" data-element_type=\"container\">\n\t\t\t\t\t<div class=\"e-con-inner\">\n\t\t\t\t\t<\/div>\n\t\t\t\t<\/div>\n\t\t\t\t<\/div>\n\t\t","protected":false},"excerpt":{"rendered":"<p>Cr\u00e9neaux d&#8217;entra\u00eenement Voici le planning des cr\u00e9neaux d&#8217;entra\u00eenement de toutes les \u00e9quipes de la Stiren Handball.<\/p>\n","protected":false},"author":1,"featured_media":0,"parent":0,"menu_order":0,"comment_status":"closed","ping_status":"closed","template":"","meta":{"site-sidebar-layout":"no-sidebar","site-content-layout":"","ast-site-content-layout":"full-width-container","site-content-style":"default","site-sidebar-style":"default","ast-global-header-display":"","ast-banner-title-visibility":"","ast-main-header-display":"","ast-hfb-above-header-display":"","ast-hfb-below-header-display":"","ast-hfb-mobile-header-display":"","site-post-title":"","ast-breadcrumbs-content":"","ast-featured-img":"disabled","footer-sml-layout":"","theme-transparent-header-meta":"","adv-header-id-meta":"","stick-header-meta":"","header-above-stick-meta":"","header-main-stick-meta":"","header-below-stick-meta":"","astra-migrate-meta-layouts":"default","ast-page-background-enabled":"default","ast-page-background-meta":{"desktop":{"background-color":"var(--ast-global-color-5)","background-image":"","background-repeat":"repeat","background-position":"center center","background-size":"auto","background-attachment":"scroll","background-type":"","background-media":"","overlay-type":"","overlay-color":"","overlay-opacity":"","overlay-gradient":""},"tablet":{"background-color":"","background-image":"","background-repeat":"repeat","background-position":"center center","background-size":"auto","background-attachment":"scroll","background-type":"","background-media":"","overlay-type":"","overlay-color":"","overlay-opacity":"","overlay-gradient":""},"mobile":{"background-color":"","background-image":"","background-repeat":"repeat","background-position":"center center","background-size":"auto","background-attachment":"scroll","background-type":"","background-media":"","overlay-type":"","overlay-color":"","overlay-opacity":"","overlay-gradient":""}},"ast-content-background-meta":{"desktop":{"background-color":"var(--ast-global-color-4)","background-image":"","background-repeat":"repeat","background-position":"center center","background-size":"auto","background-attachment":"scroll","background-type":"","background-media":"","overlay-type":"","overlay-color":"","overlay-opacity":"","overlay-gradient":""},"tablet":{"background-color":"var(--ast-global-color-4)","background-image":"","background-repeat":"repeat","background-position":"center center","background-size":"auto","background-attachment":"scroll","background-type":"","background-media":"","overlay-type":"","overlay-color":"","overlay-opacity":"","overlay-gradient":""},"mobile":{"background-color":"var(--ast-global-color-4)","background-image":"","background-repeat":"repeat","background-position":"center center","background-size":"auto","background-attachment":"scroll","background-type":"","background-media":"","overlay-type":"","overlay-color":"","overlay-opacity":"","overlay-gradient":""}},"footnotes":""},"class_list":["post-1533","page","type-page","status-publish","hentry"],"_links":{"self":[{"href":"https:\/\/stiren-handball.com\/index.php\/wp-json\/wp\/v2\/pages\/1533","targetHints":{"allow":["GET"]}}],"collection":[{"href":"https:\/\/stiren-handball.com\/index.php\/wp-json\/wp\/v2\/pages"}],"about":[{"href":"https:\/\/stiren-handball.com\/index.php\/wp-json\/wp\/v2\/types\/page"}],"author":[{"embeddable":true,"href":"https:\/\/stiren-handball.com\/index.php\/wp-json\/wp\/v2\/users\/1"}],"replies":[{"embeddable":true,"href":"https:\/\/stiren-handball.com\/index.php\/wp-json\/wp\/v2\/comments?post=1533"}],"version-history":[{"count":15,"href":"https:\/\/stiren-handball.com\/index.php\/wp-json\/wp\/v2\/pages\/1533\/revisions"}],"predecessor-version":[{"id":1615,"href":"https:\/\/stiren-handball.com\/index.php\/wp-json\/wp\/v2\/pages\/1533\/revisions\/1615"}],"wp:attachment":[{"href":"https:\/\/stiren-handball.com\/index.php\/wp-json\/wp\/v2\/media?parent=1533"}],"curies":[{"name":"wp","href":"https:\/\/api.w.org\/{rel}","templated":true}]}}